{"id":277,"date":"2025-03-28T17:54:27","date_gmt":"2025-03-28T17:54:27","guid":{"rendered":"https:\/\/sscad2025.ufms.br\/?page_id=277"},"modified":"2025-10-15T17:19:03","modified_gmt":"2025-10-15T17:19:03","slug":"chamada-de-trabalhos-sscad-wic","status":"publish","type":"page","link":"https:\/\/sscad2025.ufms.br\/?page_id=277","title":{"rendered":"Chamada de Trabalhos SSCAD-WIC"},"content":{"rendered":"\n<p>O Workshop de Inicia\u00e7\u00e3o Cient\u00edfica em Arquitetura de Computadores e Computa\u00e7\u00e3o de Alto Desempenho (SSCAD-WIC) \u00e9 um evento anual, realizado em conjunto com o Simp\u00f3sio em Sistemas Computacionais de Alto Desempenho (SSCAD) desde 2007. O SSCAD-WIC oferece uma oportunidade para alunos de gradua\u00e7\u00e3o apresentarem e discutirem seus trabalhos nos t\u00f3picos de interesse do SSCAD. <strong>A organiza\u00e7\u00e3o do evento est\u00e1 planejando colocar um \u00f4nibus entre Campo Grande e Bonito, de modo a facilitar o deslocamento dos estudantes.<\/strong><\/p>\n\n\n\n<p>Os artigos aceitos ser\u00e3o publicados em formato digital na SBC OpenLib (SOL) e devem ser apresentados oralmente durante o evento. <strong>Uma sele\u00e7\u00e3o dos melhores artigos ser\u00e1 publicada em uma edi\u00e7\u00e3o especial da Revista Eletr\u00f4nica de Inicia\u00e7\u00e3o Cient\u00edfica em Computa\u00e7\u00e3o (REIC) da SBC<\/strong>. Os tr\u00eas melhores artigos receber\u00e3o premia\u00e7\u00e3o a ser divulgada durante o evento.<\/p>\n\n\n\n<p><\/p>\n\n\n\n<h4 class=\"wp-block-heading\">Datas Importantes<\/h4>\n\n\n\n<ul class=\"wp-block-list\">\n<li>Submiss\u00e3o de trabalhos:<s>31\/07\/2025<\/s> <s>07\/08\/2025<\/s> <s>17\/08\/2025<\/s> <mark style=\"background-color:rgba(0, 0, 0, 0)\" class=\"has-inline-color has-vivid-red-color\">27\/08<\/mark> (hard deadline)<\/li>\n\n\n\n<li>Notifica\u00e7\u00e3o de aceita\u00e7\u00e3o: 19\/09\/2024<\/li>\n\n\n\n<li>Envio da vers\u00e3o final: <strong><mark style=\"background-color:rgba(0, 0, 0, 0)\" class=\"has-inline-color has-vivid-red-color\">29\/09\/2025 <\/mark><\/strong>(via JEMS)<\/li>\n<\/ul>\n\n\n\n<h4 class=\"wp-block-heading\">T\u00f3picos de Interesse<\/h4>\n\n\n\n<p>A chamada de trabalhos est\u00e1 aberta (mas n\u00e3o limitada) aos seguintes t\u00f3picos de interesse: <\/p>\n\n\n\n<ul class=\"wp-block-list\">\n<li>Algoritmos Paralelos e Distribu\u00eddos<\/li>\n\n\n\n<li>Aplica\u00e7\u00f5es de Computa\u00e7\u00e3o de Alto Desempenho<\/li>\n\n\n\n<li>Big Data (fundamentos; infraestrutura; administra\u00e7\u00e3o e gerenciamento; descoberta e minera\u00e7\u00e3o; seguran\u00e7a e privacidade; aplica\u00e7\u00f5es)<\/li>\n\n\n\n<li>Aprendizado de M\u00e1quina em Alto Desempenho<\/li>\n\n\n\n<li>Arquiteturas de Computadores<\/li>\n\n\n\n<li>Arquiteturas Avan\u00e7adas, Dedicadas e espec\u00edficas<\/li>\n\n\n\n<li>Avalia\u00e7\u00e3o, Medi\u00e7\u00e3o e Predi\u00e7\u00e3o de Desempenho<\/li>\n\n\n\n<li>Computa\u00e7\u00e3o em Aglomerados de Computadores<\/li>\n\n\n\n<li>Computa\u00e7\u00e3o Heterog\u00eanea<\/li>\n\n\n\n<li>Computa\u00e7\u00e3o de Alto Desempenho em Grade e na Nuvem<\/li>\n\n\n\n<li>Computa\u00e7\u00e3o M\u00f3vel de Alto Desempenho<\/li>\n\n\n\n<li>Computa\u00e7\u00e3o M\u00f3vel, Pervasiva e Embarcada<\/li>\n\n\n\n<li>Computa\u00e7\u00e3o Qu\u00e2ntica<\/li>\n\n\n\n<li>Engenharia de Desempenho<\/li>\n\n\n\n<li>Escalonamento e Balanceamento de Carga<\/li>\n\n\n\n<li>Internet das Coisas (IoT)<\/li>\n\n\n\n<li>Linguagens, Compiladores e Ferramentas para Alto Desempenho<\/li>\n\n\n\n<li>Mem\u00f3ria Compartilhada Distribu\u00edda (DSM)<\/li>\n\n\n\n<li>Modelagem e Simula\u00e7\u00e3o de Arquiteturas e Sistemas Paralelos\/Sistemas Distribu\u00eddos<\/li>\n\n\n\n<li>Redes e Protocolos de Comunica\u00e7\u00e3o de Alto Desempenho<\/li>\n\n\n\n<li>Simula\u00e7\u00e3o de Arquiteturas e Sistemas Paralelos<\/li>\n\n\n\n<li>Sistemas de Arquivos e Entrada e Sa\u00edda de Alto Desempenho<\/li>\n\n\n\n<li>Sistemas de Banco de Dados Paralelos e Distribu\u00eddos<\/li>\n\n\n\n<li>Sistemas de Mem\u00f3ria<\/li>\n\n\n\n<li>Sistemas Operacionais<\/li>\n\n\n\n<li>Sistemas Tolerantes a Falhas<\/li>\n\n\n\n<li>Software B\u00e1sico para Computa\u00e7\u00e3o Paralela e Distribu\u00edda<\/li>\n\n\n\n<li>T\u00e9cnicas e M\u00e9todos de Extra\u00e7\u00e3o de Paralelismo<\/li>\n\n\n\n<li>Teste e Depura\u00e7\u00e3o de Programas Concorrentes<\/li>\n\n\n\n<li>Virtualiza\u00e7\u00e3o<\/li>\n<\/ul>\n\n\n\n<h4 class=\"wp-block-heading\">Submiss\u00f5es<\/h4>\n\n\n\n<p>A submiss\u00e3o de artigos para o SSCAD-WIC 2025 deve ser feita pelo sistema JEMS da SBC. Os artigos submetidos devem ser escritos em portugu\u00eas ou ingl\u00eas e obedecer ao limite de 8 p\u00e1ginas (incluindo figuras, tabelas e refer\u00eancias) seguindo o <a href=\"https:\/\/www.sbc.org.br\/documentos-da-sbc\/summary\/169-templates-para-artigos-e-capitulos-de-livros\/878-modelosparapublicaodeartigos\">formato da SBC para submiss\u00e3o de artigos<\/a>.<\/p>\n\n\n\n<h4 class=\"wp-block-heading\">Coordena\u00e7\u00e3o do SSCAD-WIC<\/h4>\n\n\n\n<ul class=\"wp-block-list\">\n<li>Gabriel P. Silva (Universidade Federal do Rio de Janeiro) \u2014 <a href=\"mailto:gabriel@ic.ufrj.br\" target=\"_blank\" rel=\"noreferrer noopener\">gabriel@ic.ufrj.br<\/a><\/li>\n\n\n\n<li>Samuel Ferraz (Universidade Federal de Mato Grosso do Sul) \u2014 <a href=\"mailto:samuel.ferraz@ufms.br\" target=\"_blank\" rel=\"noreferrer noopener\">samuel.ferraz@ufms.br<\/a><\/li>\n<\/ul>\n\n\n\n<h4 class=\"wp-block-heading\">Comit\u00ea de Programa<\/h4>\n\n\n\n<ul class=\"wp-block-list\">\n<li>Adenauer Yamin (Universidade Federal de Pelotas UFPEL, Brasil)<\/li>\n\n\n\n<li>Alexandre Carissimi (Universidade Federal do Rio Grande do Sul, Brasil)<\/li>\n\n\n\n<li>Anderson Faustino (Universidade Estadual de Maring\u00e1, Brasil)<\/li>\n\n\n\n<li>Andre Rauber Du Bois (Universidade Federal de Pelotas, Brasil)<\/li>\n\n\n\n<li>Andriele Busatto do Carmo (Universidade do Vale do Rio dos Sinos, Brasil)<\/li>\n\n\n\n<li>Arthur Francisco Lorenzon (Universidade Federal do Rio Grande do Sul, Brasil)<\/li>\n\n\n\n<li>Calebe de Paula Bianchini (Mackenzie Presbyterian University, Brasil)<\/li>\n\n\n\n<li>Claudio Schepke (Universidade Federal do Pampa, Brasil)<\/li>\n\n\n\n<li>Dalvan Griebler (Pontif\u00edcia Universidade Cat\u00f3lica do Rio Grande do Sul, Brasil)<\/li>\n\n\n\n<li>Diego Leonel Cadette Dutra (Federal University of Rio de Janeiro, Brasil)<\/li>\n\n\n\n<li>Edson Tavares de Camargo (Universidade Tecnol\u00f3gica Federal do Paran\u00e1, Brasil)<\/li>\n\n\n\n<li>Edson Luiz Padoin (Universidade Regional do Noroeste do Estado do Rio Grande do Sul, Brasil)<\/li>\n\n\n\n<li>Edward David Moreno (Universidade Federal de Sergipe, Brasil)<\/li>\n\n\n\n<li>Emilio Francesquini (Federal University of Abc, Brasil)<\/li>\n\n\n\n<li>Fab\u00edola M. C. de Oliveira (UFABC Universidade Federal do ABC, Brasil)<\/li>\n\n\n\n<li>Fabr\u00edcio Go\u00e9s (University of Leicester, Reino Unido)<\/li>\n\n\n\n<li>Gabriel Luca Nazar (Federal University of Rio Grande do Sul, Brasil)<\/li>\n\n\n\n<li>Gabriel P. Silva (Universidade Federal do Rio De Janeiro, Brasil)<\/li>\n\n\n\n<li>Gerson Geraldo H. Cavalheiro (Universidade Federal de Pelotas, Brasil)<\/li>\n\n\n\n<li>Guilherme Galante (Universidade Estadual do Oeste do Paran\u00e1, Brasil)<\/li>\n\n\n\n<li>Guilherme P. Koslovski (Universidade do Estado de Santa Catarina, Brasil)<\/li>\n\n\n\n<li>Helio C. Guardia (Universidade Federal de S\u00e3o Carlos, Brasil)<\/li>\n\n\n\n<li>Henrique Cota Freitas (PUC Minas, Brasil)<\/li>\n\n\n\n<li>Hermes Senger (Universidade Federal de S\u00e3o Carlos, Brasil)<\/li>\n\n\n\n<li>Jo\u00e3o Fabr\u00edcio Filho (UTFPR Campo Mour\u00e3o, Brasil)<\/li>\n\n\n\n<li>Jos\u00e9 H. Saito (Ufscar\/Faccamp, Brasil)<\/li>\n\n\n\n<li>Josemar Rodrigues de Souza (Universidade do Estado da Bahia, Brasil)<\/li>\n\n\n\n<li>Joubert de Castro Lima (Universidade Federal de Ouro Preto, Brasil)<\/li>\n\n\n\n<li>Juliano Henrique Foleiss (Universidade Tecnol\u00f3gica Federal do Paran\u00e1, Brasil)<\/li>\n\n\n\n<li>Kalinka Regina Lucas Jaquie Castelo Branco (Universidade de S\u00e3o Paulo, Brasil)<\/li>\n\n\n\n<li>Leonardo Pinho (Universidade Federal do Pampa, Brasil)<\/li>\n\n\n\n<li>Liana D. Duenha (Universidade Federal de Mato Grosso do Sul, Brasil)<\/li>\n\n\n\n<li>Lucas Mello Schnorr (Universidade Federal do Rio Grande do Sul, Brasil)<\/li>\n\n\n\n<li>Lucas Wanner (Universidade Estadual de Campinas, Brasil)<\/li>\n\n\n\n<li>Luciano J. Senger (State University of Ponta Grossa, Brasil)<\/li>\n\n\n\n<li>Luiz Carlos Pessoa Albini (Universidade Federal do Paran\u00e1, Brasil)<\/li>\n\n\n\n<li>Marcelo Lobosco (Universidade Federal de Juiz de Fora, Brasil)<\/li>\n\n\n\n<li>M\u00e1rcio Castro (Federal University of Santa Catarina, Brasil)<\/li>\n\n\n\n<li>M\u00e1rcio Kreutz (Universidade Federal do Rio Grande do Norte, Brasil)<\/li>\n\n\n\n<li>Marco Aurelio Wehrmeister (Universidade Tecnol\u00f3gica Federal do Paran\u00e1, Brasil)<\/li>\n\n\n\n<li>Marcos Tomazzoli Leipnitz (Universidade Federal do Rio de Janeiro, Brasil)<\/li>\n\n\n\n<li>Marcus Botacin (Texas A&amp;M University, Estados Unidos)<\/li>\n\n\n\n<li>Maria Cl\u00edcia Castro (Universidade do Estado do Rio de Janeiro, Brasil)<\/li>\n\n\n\n<li>M\u00e1rio Dantas (Universidade Federal de Juiz de Fora, Brasil)<\/li>\n\n\n\n<li>Matheus Alc\u00e2ntara Souza (Pontif\u00edcia Universidade Cat\u00f3lica De Minas Gerais, Brasil)<\/li>\n\n\n\n<li>Monica Magalh\u00e3es Pereira (Universidade Federal do Rio Grande do Norte, Brasil)<\/li>\n\n\n\n<li>Nahri Balesdent Moreano (Universidade Federal de Mato Grosso do Sul, Brasil)<\/li>\n\n\n\n<li>Newton Carlos Will (Universidade Tecnol\u00f3gica Federal do Paran\u00e1, Brasil)<\/li>\n\n\n\n<li>Odorico M. Mendizabal (Universidade Federal de Santa Catarina, Brasil)<\/li>\n\n\n\n<li>Omar Andres Carmona Cortes (Instituto Federal do Maranh\u00e3o, Brasil)<\/li>\n\n\n\n<li>Rafaela Brum (Universidade Federal Fluminense, Brasil)<\/li>\n\n\n\n<li>Renato Porfirio Ishii (Universidade Federal de Mato Grosso do Sul, Brasil)<\/li>\n\n\n\n<li>Ricardo Couto Antunes da Rocha (Universidade Federal de Catal\u00e3o, Brasil)<\/li>\n\n\n\n<li>Ricardo Menotti (Universidade Federal de S\u00e3o Carlos, Brasil)<\/li>\n\n\n\n<li>Rodolfo J. Azevedo (Universidade Estadual de Campinas, Brasil)<\/li>\n\n\n\n<li>Rodrigo Campiolo (Universidade Tecnol\u00f3gica Federal do Paran\u00e1, Brasil)<\/li>\n\n\n\n<li>Rodrigo da Rosa Righi (Universidade do Vale do Rio dos Sinos, Brasil)<\/li>\n\n\n\n<li>Rog\u00e9rio Aparecido Gon\u00e7alves (Universidade Tecnol\u00f3gica Federal do Paran\u00e1, Brasil)<\/li>\n\n\n\n<li>Sairo Raon\u00ed dos Santos (Universidade Federal Rural do Semi-\u00c1rido, Brasil)<\/li>\n\n\n\n<li>Samuel Ferraz (Universidade Federal de Mato Grosso do Sul, Brasil)<\/li>\n\n\n\n<li>Sarita Mazzini Bruschi (Universidade de S\u00e3o Paulo, Brasil)<\/li>\n\n\n\n<li>Sergio Carvalho (Universidade Federal de Goi\u00e1s, Brasil)<\/li>\n\n\n\n<li>Tiago Heinrich (Max Planck Institute for Informatics, Alemanha)<\/li>\n\n\n\n<li>Vin\u00edcius Dias (Universidade Federal fe Lavras, Brasil)<\/li>\n\n\n\n<li>Vin\u00edcius F\u00fclber Garcia (Federal University of Paran\u00e1, Brasil)<\/li>\n\n\n\n<li>Vinicius Garcia Pinto (Universidade Federal do Rio Grande, Brasil)<\/li>\n\n\n\n<li>Wagner Machado Nunan Zola (Universidade Federal do Paran\u00e1, Brasil)<\/li>\n\n\n\n<li>Wanderson Roger Azevedo Dias (Instituto Federal de Rond\u00f4nia, Brasil)<\/li>\n<\/ul>\n\n\n\n<hr class=\"wp-block-separator has-alpha-channel-opacity\"\/>\n\n\n\n<div class=\"wp-block-columns is-layout-flex wp-container-core-columns-is-layout-9d6595d7 wp-block-columns-is-layout-flex\">\n<div class=\"wp-block-column is-vertically-aligned-center is-layout-flow wp-block-column-is-layout-flow\">\n<h3 class=\"wp-block-heading has-text-align-center has-black-color has-text-color has-link-color wp-elements-152d382d0be4a7a434069af3a899364c\">Patrocinadores:<\/h3>\n\n\n\n<h4 class=\"wp-block-heading has-text-align-center has-black-color has-text-color has-link-color wp-elements-79880f1e14bf4264344e2eb53dda1cef\">Diamante:<\/h4>\n\n\n<div class=\"wp-block-image\">\n<figure class=\"aligncenter size-large is-resized\"><a href=\"https:\/\/aws.amazon.com\/\"><img fetchpriority=\"high\" decoding=\"async\" width=\"1024\" height=\"612\" src=\"https:\/\/sscad2025.ufms.br\/wp-content\/uploads\/2025\/05\/AWS_logo_RGB_BLK-1024x612.png\" alt=\"\" class=\"wp-image-337\" style=\"width:159px;height:auto\" srcset=\"https:\/\/sscad2025.ufms.br\/wp-content\/uploads\/2025\/05\/AWS_logo_RGB_BLK-1024x612.png 1024w, https:\/\/sscad2025.ufms.br\/wp-content\/uploads\/2025\/05\/AWS_logo_RGB_BLK-300x179.png 300w, https:\/\/sscad2025.ufms.br\/wp-content\/uploads\/2025\/05\/AWS_logo_RGB_BLK-768x459.png 768w, https:\/\/sscad2025.ufms.br\/wp-content\/uploads\/2025\/05\/AWS_logo_RGB_BLK-1536x918.png 1536w, https:\/\/sscad2025.ufms.br\/wp-content\/uploads\/2025\/05\/AWS_logo_RGB_BLK-2048x1224.png 2048w, https:\/\/sscad2025.ufms.br\/wp-content\/uploads\/2025\/05\/AWS_logo_RGB_BLK-1200x717.png 1200w\" sizes=\"(max-width: 1024px) 100vw, 1024px\" \/><\/a><\/figure>\n<\/div>\n\n\n<div class=\"wp-block-columns is-layout-flex wp-container-core-columns-is-layout-9d6595d7 wp-block-columns-is-layout-flex\">\n<div class=\"wp-block-column is-vertically-aligned-stretch is-layout-flow wp-block-column-is-layout-flow\"><div class=\"wp-block-image\">\n<figure class=\"aligncenter size-full\"><img decoding=\"async\" src=\"https:\/\/sbac-pad2025.ufms.br\/wp-content\/uploads\/2025\/10\/patrocinador_diamanteDellTechnologies_Nvidia-composto_cut.png\" alt=\"\" class=\"wp-image-861\"\/><\/figure>\n<\/div><\/div>\n<\/div>\n\n\n\n<hr class=\"wp-block-separator has-alpha-channel-opacity\"\/>\n\n\n\n<h4 class=\"wp-block-heading has-text-align-center has-black-color has-text-color has-link-color wp-elements-6faf45844d20f6e72f8f75e8534f241e\">Ouro:<\/h4>\n\n\n<div class=\"wp-block-image\">\n<figure class=\"aligncenter size-large is-resized\"><img decoding=\"async\" src=\"https:\/\/sbac-pad2025.ufms.br\/wp-content\/uploads\/2025\/10\/Logo-conjunto-NVIDIA-e-Versatus-colorido-1-1024x213.png\" alt=\"\" class=\"wp-image-742\" style=\"width:284px;height:auto\"\/><\/figure>\n<\/div>\n\n\n<hr class=\"wp-block-separator has-alpha-channel-opacity\"\/>\n\n\n\n<h4 class=\"wp-block-heading has-text-align-center has-black-color has-text-color has-link-color wp-elements-b9e04652cffca692d8b9678ae5f9428d\">Prata:<\/h4>\n\n\n\n<div class=\"wp-block-columns is-layout-flex wp-container-core-columns-is-layout-9d6595d7 wp-block-columns-is-layout-flex\">\n<div class=\"wp-block-column is-vertically-aligned-center is-layout-flow wp-block-column-is-layout-flow\"><div class=\"wp-block-image\">\n<figure class=\"aligncenter size-full is-resized\"><img decoding=\"async\" src=\"https:\/\/sbac-pad2025.ufms.br\/wp-content\/uploads\/2025\/10\/patrocinador_silver_scherm_cut.png\" alt=\"\" class=\"wp-image-858\" style=\"width:159px;height:auto\"\/><\/figure>\n<\/div><\/div>\n\n\n\n<div class=\"wp-block-column is-layout-flow wp-block-column-is-layout-flow\"><div class=\"wp-block-image\">\n<figure class=\"aligncenter size-full is-resized\"><img decoding=\"async\" src=\"https:\/\/sbac-pad2025.ufms.br\/wp-content\/uploads\/2025\/10\/patrocinador_prata_supermicro_cut.png\" alt=\"\" class=\"wp-image-859\" style=\"width:168px;height:auto\"\/><\/figure>\n<\/div><\/div>\n<\/div>\n\n\n<div class=\"wp-block-image\">\n<figure class=\"aligncenter size-full is-resized\"><img decoding=\"async\" src=\"https:\/\/sbac-pad2025.ufms.br\/wp-content\/uploads\/2025\/10\/kaiak-scaled.png\" alt=\"\" class=\"wp-image-856\" style=\"width:159px;height:auto\"\/><\/figure>\n<\/div>\n\n\n<hr class=\"wp-block-separator has-alpha-channel-opacity\"\/>\n\n\n\n<h3 class=\"wp-block-heading has-text-align-center has-black-color has-text-color has-link-color wp-elements-739d04852591a42b51453b1c62bd5bc8\">Parceiro:<\/h3>\n\n\n\n<div class=\"wp-block-columns are-vertically-aligned-center is-layout-flex wp-container-core-columns-is-layout-9d6595d7 wp-block-columns-is-layout-flex\">\n<div class=\"wp-block-column is-vertically-aligned-center is-layout-flow wp-block-column-is-layout-flow\"><div class=\"wp-block-image\">\n<figure class=\"aligncenter size-medium is-resized\"><img decoding=\"async\" src=\"https:\/\/sbac-pad2025.ufms.br\/wp-content\/uploads\/2025\/05\/H2O-300x300.png\" alt=\"\" class=\"wp-image-319\" style=\"object-fit:cover;width:104px;height:auto\"\/><\/figure>\n<\/div><\/div>\n<\/div>\n<\/div>\n\n\n\n<div class=\"wp-block-column is-vertically-aligned-top has-background is-layout-flow wp-block-column-is-layout-flow\" style=\"background-color:#f2f2f2\">\n<h3 class=\"wp-block-heading has-text-align-center has-black-color has-text-color has-link-color wp-elements-5dc98ebff3ce4de6dfc55803cb4c1339\">Organiza\u00e7\u00e3o:<\/h3>\n\n\n\n<div class=\"wp-block-columns is-layout-flex wp-container-core-columns-is-layout-9d6595d7 wp-block-columns-is-layout-flex\">\n<div class=\"wp-block-column is-layout-flow wp-block-column-is-layout-flow\"><div class=\"wp-block-image\">\n<figure class=\"aligncenter size-large is-resized\"><a href=\"https:\/\/www.ufms.br\"><img decoding=\"async\" width=\"783\" height=\"1024\" src=\"https:\/\/sscad2025.ufms.br\/wp-content\/uploads\/2025\/05\/sponsor_UFMS-1175x1536-1-783x1024.png\" alt=\"\" class=\"wp-image-335\" style=\"width:96px;height:auto\" srcset=\"https:\/\/sscad2025.ufms.br\/wp-content\/uploads\/2025\/05\/sponsor_UFMS-1175x1536-1-783x1024.png 783w, https:\/\/sscad2025.ufms.br\/wp-content\/uploads\/2025\/05\/sponsor_UFMS-1175x1536-1-229x300.png 229w, https:\/\/sscad2025.ufms.br\/wp-content\/uploads\/2025\/05\/sponsor_UFMS-1175x1536-1-768x1004.png 768w, https:\/\/sscad2025.ufms.br\/wp-content\/uploads\/2025\/05\/sponsor_UFMS-1175x1536-1.png 1175w\" sizes=\"(max-width: 783px) 100vw, 783px\" \/><\/a><\/figure>\n<\/div><\/div>\n\n\n\n<div class=\"wp-block-column is-layout-flow wp-block-column-is-layout-flow\"><div class=\"wp-block-image\">\n<figure class=\"aligncenter size-full is-resized\"><a href=\"https:\/\/www.unicamp.br\"><img decoding=\"async\" width=\"267\" height=\"300\" src=\"https:\/\/sscad2025.ufms.br\/wp-content\/uploads\/2025\/05\/sponsor_Unicamp.png\" alt=\"\" class=\"wp-image-336\" style=\"width:109px;height:auto\"\/><\/a><\/figure>\n<\/div><\/div>\n<\/div>\n\n\n\n<h3 class=\"wp-block-heading has-text-align-center has-black-color has-text-color has-link-color wp-elements-22ea08b78e56b9ffc4826c186ffe25e7\">Promo\u00e7\u00e3o:<\/h3>\n\n\n\n<div class=\"wp-block-columns is-layout-flex wp-container-core-columns-is-layout-9d6595d7 wp-block-columns-is-layout-flex\">\n<div class=\"wp-block-column is-layout-flow wp-block-column-is-layout-flow\"><div class=\"wp-block-image\">\n<figure class=\"aligncenter size-full is-resized\"><a href=\"https:\/\/www.sbc.org.br\"><img loading=\"lazy\" decoding=\"async\" width=\"147\" height=\"228\" src=\"https:\/\/sscad2025.ufms.br\/wp-content\/uploads\/2025\/05\/sbc_alt.png\" alt=\"\" class=\"wp-image-358\" style=\"width:105px;height:auto\"\/><\/a><\/figure>\n<\/div><\/div>\n\n\n\n<div class=\"wp-block-column is-vertically-aligned-center is-layout-flow wp-block-column-is-layout-flow\"><div class=\"wp-block-image\">\n<figure class=\"aligncenter size-large\"><a href=\"https:\/\/www.computer.org\"><img loading=\"lazy\" decoding=\"async\" width=\"1024\" height=\"313\" src=\"https:\/\/sscad2025.ufms.br\/wp-content\/uploads\/2025\/02\/sponsor_IEEE-1024x313.png\" alt=\"\" class=\"wp-image-102\" srcset=\"https:\/\/sscad2025.ufms.br\/wp-content\/uploads\/2025\/02\/sponsor_IEEE-1024x313.png 1024w, https:\/\/sscad2025.ufms.br\/wp-content\/uploads\/2025\/02\/sponsor_IEEE-300x92.png 300w, https:\/\/sscad2025.ufms.br\/wp-content\/uploads\/2025\/02\/sponsor_IEEE-768x235.png 768w, https:\/\/sscad2025.ufms.br\/wp-content\/uploads\/2025\/02\/sponsor_IEEE-1536x470.png 1536w, https:\/\/sscad2025.ufms.br\/wp-content\/uploads\/2025\/02\/sponsor_IEEE-2048x627.png 2048w\" sizes=\"(max-width: 1024px) 100vw, 1024px\" \/><\/a><\/figure>\n<\/div><\/div>\n<\/div>\n\n\n<div class=\"wp-block-image\">\n<figure class=\"aligncenter size-large is-resized\"><a href=\"https:\/\/www2.sbc.org.br\/ce-acpad\/\"><img decoding=\"async\" src=\"https:\/\/sbac-pad2025.ufms.br\/wp-content\/uploads\/2025\/08\/CEACPAD-LOGOTIPO-PRINCIPAL-01-1024x162.png\" alt=\"\" class=\"wp-image-451\" style=\"width:354px;height:auto\"\/><\/a><\/figure>\n<\/div>\n\n\n<h3 class=\"wp-block-heading has-text-align-center has-black-color has-text-color has-link-color wp-elements-15d349d2a3aa2b480b7c6487797bf9c1\">Financiamento:<\/h3>\n\n\n\n<div class=\"wp-block-columns is-layout-flex wp-container-core-columns-is-layout-9d6595d7 wp-block-columns-is-layout-flex\">\n<div class=\"wp-block-column is-vertically-aligned-center is-layout-flow wp-block-column-is-layout-flow\"><div class=\"wp-block-image\">\n<figure class=\"aligncenter size-full is-resized\"><img decoding=\"async\" src=\"https:\/\/sbac-pad2025.ufms.br\/wp-content\/uploads\/2025\/05\/sponsor_CNPq.png\" alt=\"\" class=\"wp-image-317\" style=\"width:191px;height:auto\"\/><\/figure>\n<\/div><\/div>\n\n\n\n<div class=\"wp-block-column is-vertically-aligned-center is-layout-flow wp-block-column-is-layout-flow\"><div class=\"wp-block-image\">\n<figure class=\"aligncenter size-full is-resized\"><img decoding=\"async\" src=\"https:\/\/sbac-pad2025.ufms.br\/wp-content\/uploads\/2025\/05\/sponsor_CAPES.png\" alt=\"\" class=\"wp-image-316\" style=\"width:170px;height:auto\"\/><\/figure>\n<\/div><\/div>\n<\/div>\n<\/div>\n<\/div>\n","protected":false},"excerpt":{"rendered":"<p>O Workshop de Inicia\u00e7\u00e3o Cient\u00edfica em Arquitetura de Computadores e Computa\u00e7\u00e3o de Alto Desempenho (SSCAD-WIC) \u00e9 um evento anual, realizado em conjunto com o Simp\u00f3sio em Sistemas Computacionais de Alto [&hellip;]<\/p>\n","protected":false},"author":1,"featured_media":0,"parent":0,"menu_order":0,"comment_status":"closed","ping_status":"closed","template":"","meta":{"_eb_attr":"","_starter_page_template":"blank","_wpcom_template_layout_category":["featured"],"footnotes":""},"class_list":["post-277","page","type-page","status-publish","hentry"],"_links":{"self":[{"href":"https:\/\/sscad2025.ufms.br\/index.php?rest_route=\/wp\/v2\/pages\/277","targetHints":{"allow":["GET"]}}],"collection":[{"href":"https:\/\/sscad2025.ufms.br\/index.php?rest_route=\/wp\/v2\/pages"}],"about":[{"href":"https:\/\/sscad2025.ufms.br\/index.php?rest_route=\/wp\/v2\/types\/page"}],"author":[{"embeddable":true,"href":"https:\/\/sscad2025.ufms.br\/index.php?rest_route=\/wp\/v2\/users\/1"}],"replies":[{"embeddable":true,"href":"https:\/\/sscad2025.ufms.br\/index.php?rest_route=%2Fwp%2Fv2%2Fcomments&post=277"}],"version-history":[{"count":5,"href":"https:\/\/sscad2025.ufms.br\/index.php?rest_route=\/wp\/v2\/pages\/277\/revisions"}],"predecessor-version":[{"id":666,"href":"https:\/\/sscad2025.ufms.br\/index.php?rest_route=\/wp\/v2\/pages\/277\/revisions\/666"}],"wp:attachment":[{"href":"https:\/\/sscad2025.ufms.br\/index.php?rest_route=%2Fwp%2Fv2%2Fmedia&parent=277"}],"curies":[{"name":"wp","href":"https:\/\/api.w.org\/{rel}","templated":true}]}}