{"id":323,"date":"2025-05-05T13:19:02","date_gmt":"2025-05-05T13:19:02","guid":{"rendered":"https:\/\/sscad2025.ufms.br\/?page_id=323"},"modified":"2025-10-15T17:19:36","modified_gmt":"2025-10-15T17:19:36","slug":"concurso-de-teses-e-dissertacoes-em-arquitetura-de-computadores-e-computacao-de-alto-desempenho-sscad-ctd","status":"publish","type":"page","link":"https:\/\/sscad2025.ufms.br\/?page_id=323","title":{"rendered":"Concurso de Teses e Disserta\u00e7\u00f5es em Arquitetura de Computadores e Computa\u00e7\u00e3o de Alto Desempenho (SSCAD-CTD)"},"content":{"rendered":"\n<h3 class=\"wp-block-heading\"><strong>Selecionados para a Apresenta\u00e7\u00e3o Final (listas em ordem alfab\u00e9tica)<\/strong><\/h3>\n\n\n\n<h4 class=\"wp-block-heading\"><strong>Tese de Doutorado<\/strong><\/h4>\n\n\n\n<ul class=\"wp-block-list\">\n<li>An Intelligent context-aware edge-based data reduction framework for IoT. <em>La\u00e9rcio Pioli Junior,&nbsp; Mario Antonio Ribeiro Dantas, Douglas Dyllon Jeronimo de Macedo<\/em><\/li>\n\n\n\n<li>Uma Arquitetura Autoadapt\u00e1vel para a Implanta\u00e7\u00e3o de Observabilidade em Fog Computing. <em>Breno Gustavo Soares da Costa, Alet\u00e9ia Patr\u00edcia Favacho de Ara\u00fajo von Paumgartten<\/em><\/li>\n\n\n\n<li>Uma Proposta para a Descoberta e Aloca\u00e7\u00e3o de Recursos Computacionais em Fog Computing. <em>Jo\u00e3o Bachiega J\u00fanior, Alet\u00e9ia Patr\u00edcia Favacho de Ara\u00fajo von Paumgartten<\/em><\/li>\n<\/ul>\n\n\n\n<h4 class=\"wp-block-heading\"><strong>Disserta\u00e7\u00e3o de Mestrado<\/strong><\/h4>\n\n\n\n<ul class=\"wp-block-list\">\n<li>An\u00e1lise de desempenho, custo energ\u00e9tico e acur\u00e1cia de um m\u00f3dulo de um modelo num\u00e9rico de Previs\u00e3o Meteorol\u00f3gica usando Precis\u00e3o Reduzida. <em>Marcelo Augusto Sudo, Alvaro Luiz Fazenda<\/em><\/li>\n\n\n\n<li>Improving the energy efficiency of data stream classifier arrays for edge computing. <em>Reginaldo Luis de Luna Junior, Hermes Senger<\/em><\/li>\n\n\n\n<li>Stealth Metrics: A Less Intrusive I\/O Tracer for Application I\/O Characterization. <em>Rodrigo Pereira do Nascimento,&nbsp; Alfredo Goldman Vel Lejbman<\/em><\/li>\n<\/ul>\n\n\n\n<h3 class=\"wp-block-heading\"><strong>Chamada para Teses e Disserta\u00e7\u00f5es<\/strong><\/h3>\n\n\n\n<p>A Comiss\u00e3o Especial de Arquitetura de Computadores est\u00e1 promovendo mais uma edi\u00e7\u00e3o do Concurso de Teses e Disserta\u00e7\u00f5es. As monografias de mestrado e doutorado defendidas e homologadas a partir de julho de 2024 at\u00e9 a data de submiss\u00e3o do SSCAD-CTD em 2025 nas \u00e1reas de Arquitetura de Computadores e Computa\u00e7\u00e3o de Alto Desempenho est\u00e3o convidadas a participar do concurso.<\/p>\n\n\n\n<h4 class=\"wp-block-heading\">T\u00f3picos de Interesse<\/h4>\n\n\n\n<p>A chamada de trabalhos est\u00e1 aberta para os seguintes t\u00f3picos de interesse (mas n\u00e3o limitada a apenas estes):<\/p>\n\n\n\n<ul class=\"wp-block-list\">\n<li>Algoritmos Paralelos e Distribu\u00eddos<\/li>\n\n\n\n<li>Aplica\u00e7\u00f5es de Computa\u00e7\u00e3o de Alto Desempenho em Ci\u00eancias e Engenharias<\/li>\n\n\n\n<li>Aprendizado de M\u00e1quina e Computa\u00e7\u00e3o de Alto Desempenho<\/li>\n\n\n\n<li>Arquiteturas de Computadores<\/li>\n\n\n\n<li>Arquiteturas Avan\u00e7adas, Dedicadas e Espec\u00edficas<\/li>\n\n\n\n<li>Avalia\u00e7\u00e3o, Medi\u00e7\u00e3o e Predi\u00e7\u00e3o de Desempenho<\/li>\n\n\n\n<li>Carbon Aware Computing<\/li>\n\n\n\n<li>Computa\u00e7\u00e3o com Efici\u00eancia Energ\u00e9tica<\/li>\n\n\n\n<li>Ci\u00eancia de Dados e Computa\u00e7\u00e3o de Alto Desempenho<\/li>\n\n\n\n<li>Computa\u00e7\u00e3o em Aglomerados de Computadores<\/li>\n\n\n\n<li>Computa\u00e7\u00e3o Heterog\u00eanea<\/li>\n\n\n\n<li>Computa\u00e7\u00e3o de Alto Desempenho em Grade e na Nuvem<\/li>\n\n\n\n<li>Computa\u00e7\u00e3o M\u00f3vel de Alto Desempenho<\/li>\n\n\n\n<li>Escalonamento e Balanceamento de Carga<\/li>\n\n\n\n<li>Linguagens, Compiladores e Ferramentas para Alto Desempenho<\/li>\n\n\n\n<li>Mem\u00f3ria Compartilhada Distribu\u00edda (DSM)<\/li>\n\n\n\n<li>Metodologias de Ensino para Arquitetura de Computadores e Alto Desempenho<\/li>\n\n\n\n<li>Redes e Protocolos de Comunica\u00e7\u00e3o de Alto Desempenho<\/li>\n\n\n\n<li>Simula\u00e7\u00e3o de Arquiteturas e Sistemas Paralelos<\/li>\n\n\n\n<li>Sistemas de Arquivos e Entrada e Sa\u00edda de Alto Desempenho<\/li>\n\n\n\n<li>Sistemas de Banco de Dados Paralelos e Distribu\u00eddos<\/li>\n\n\n\n<li>Sistemas de Mem\u00f3ria<\/li>\n\n\n\n<li>Sistemas Operacionais<\/li>\n\n\n\n<li>Sistemas Tolerantes a Falhas<\/li>\n\n\n\n<li>Software B\u00e1sico para Computa\u00e7\u00e3o Paralela e Distribu\u00edda<\/li>\n\n\n\n<li>T\u00e9cnicas e M\u00e9todos de Extra\u00e7\u00e3o de Paralelismo<\/li>\n\n\n\n<li>Valida\u00e7\u00e3o, Verifica\u00e7\u00e3o e Teste de Aplica\u00e7\u00f5es Paralelas<\/li>\n\n\n\n<li>Warehouse Computing<\/li>\n<\/ul>\n\n\n\n<p><\/p>\n\n\n\n<h4 class=\"wp-block-heading\">Instru\u00e7\u00f5es aos Autores<\/h4>\n\n\n\n<p>A submiss\u00e3o ser\u00e1 exclusivamente eletr\u00f4nica, por meio do sistema JEMS:<\/p>\n\n\n\n<p><a href=\"https:\/\/jems3.sbc.org.br\/sscad-ctd2025\">https:\/\/jems3.sbc.org.br\/sscad-ctd2025<\/a> <\/p>\n\n\n\n<p>Cada submiss\u00e3o dever\u00e1 conter tr\u00eas arquivos:&nbsp;<\/p>\n\n\n\n<ol class=\"wp-block-list\">\n<li>Resumo estendido de at\u00e9 oito p\u00e1ginas do trabalho; \n<ul class=\"wp-block-list\">\n<li>O \u201cModelos para Publica\u00e7\u00e3o de Artigos\u201d da SBC deve ser usado. Ele pode ser encontrado ao final desta p\u00e1gina: <a href=\"https:\/\/www.sbc.org.br\/documentosinstitucionais\/\">https:\/\/www.sbc.org.br\/documentosinstitucionais\/<\/a> na se\u00e7\u00e3o \u201cTemplates e para Artigos e Cap\u00edtulos de Livros\u201d<\/li>\n<\/ul>\n<\/li>\n\n\n\n<li>Ata da defesa do trabalho;&nbsp;&nbsp;<\/li>\n\n\n\n<li>Texto completo da tese ou disserta\u00e7\u00e3o.<\/li>\n<\/ol>\n\n\n\n<p>O&nbsp; resumo estendido deve descrever claramente as contribui\u00e7\u00f5es cient\u00edficas e a originalidade do&nbsp; trabalho de mestrado ou doutorado. O texto deve incluir, obrigatoriamente: o t\u00edtulo do trabalho; nomes&nbsp; do&nbsp; autor, orientador&nbsp; e&nbsp; coorientador(es) com as&nbsp; respectivas afilia\u00e7\u00f5es; resumo e <em>abstract<\/em>; caracteriza\u00e7\u00e3o&nbsp; do problema e motiva\u00e7\u00e3o; objetivos e contribui\u00e7\u00f5es; compara\u00e7\u00e3o com o estado da arte; resultados obtidos; e subprodutos do trabalho, tais como artigos&nbsp; cient\u00edficos, patentes, programas registrados e quaisquer outros elementos que permitam qualificar o trabalho.&nbsp;<\/p>\n\n\n\n<p>A ata da defesa deve conter o local e a data da defesa, o nome do orientador, membros da banca e um parecer que indique explicitamente que o candidato defendeu e teve o trabalho aprovado.<\/p>\n\n\n\n<p><\/p>\n\n\n\n<h4 class=\"wp-block-heading\">Processo de Sele\u00e7\u00e3o<\/h4>\n\n\n\n<p>Na primeira fase, os trabalhos ser\u00e3o avaliados por um comit\u00ea espec\u00edfico do SSCAD-CTD respons\u00e1vel por selecionar as teses e disserta\u00e7\u00f5es finalistas. Estes finalistas ser\u00e3o conhecidos antes do evento e ser\u00e3o convidados a apresentar seus trabalhos no SSCAD 2025. Na segunda fase, uma banca formada por professores participantes do evento ir\u00e1 avaliar as apresenta\u00e7\u00f5es. Ambas avalia\u00e7\u00f5es definir\u00e3o os trabalhos vencedores e destaques para cada n\u00edvel (mestrado e doutorado).<\/p>\n\n\n\n<p><\/p>\n\n\n\n<h4 class=\"wp-block-heading\">Datas Importantes<\/h4>\n\n\n\n<ul class=\"wp-block-list\">\n<li>Submiss\u00e3o de trabalhos: 08\/08\/2025 &#8211; 15\/08\/2025 &#8211; <strong><mark style=\"background-color:rgba(0, 0, 0, 0)\" class=\"has-inline-color has-vivid-red-color\">29\/08\/2025<\/mark><\/strong> (hard deadline)<\/li>\n\n\n\n<li>Notifica\u00e7\u00e3o de selecionados para apresenta\u00e7\u00e3o: 19\/09\/2025<\/li>\n\n\n\n<li>Notifica\u00e7\u00e3o do resultado final: na cerim\u00f4nia de premia\u00e7\u00e3o do evento<\/li>\n<\/ul>\n\n\n\n<p><\/p>\n\n\n\n<h4 class=\"wp-block-heading\">Coordena\u00e7\u00e3o do Comit\u00ea de Programa<\/h4>\n\n\n\n<ul class=\"wp-block-list\">\n<li>\u00c1lvaro Luiz Fazenda, UNIFESP<\/li>\n\n\n\n<li>Antonio Carlos Schneider Beck Filho, UFRGS<\/li>\n<\/ul>\n\n\n\n<p><\/p>\n\n\n\n<h4 class=\"wp-block-heading\">Comit\u00ea de Programa<\/h4>\n\n\n\n<ul class=\"wp-block-list\">\n<li>Adenauer Yamin \u2013 Universidade Federal de Pelotas<\/li>\n\n\n\n<li>Arthur Francisco Lorenzon \u2013 Universidade Federal do Rio Grande do Sul<\/li>\n\n\n\n<li>Calebe de Paula Bianchini \u2013 Universidade Presbiteriana Mackenzie<\/li>\n\n\n\n<li>Carla Osthoff \u2013 Laborat\u00f3rio de Computa\u00e7\u00e3o Cient\u00edfica<\/li>\n\n\n\n<li>Daniel Cordeiro \u2013 Universidade de S\u00e3o Paulo<\/li>\n\n\n\n<li>Edward David Moreno \u2013 Universidade Federal de Sergipe<\/li>\n\n\n\n<li>Emilio Francesquini \u2013 Universidade Federal do ABC<\/li>\n\n\n\n<li>Francisco H. Carvalho-Junior \u2013 Universidade Federal do Cear\u00e1<\/li>\n\n\n\n<li>Gerson Geraldo H. Cavalheiro \u2013 Universidade Federal de Pelotas<\/li>\n\n\n\n<li>Helio C. Guardia \u2013 Universidade Federal de S\u00e3o Carlos<\/li>\n\n\n\n<li>Henrique Cota Freitas \u2013 PUC Minas<\/li>\n\n\n\n<li>Hermes Senger \u2013 Universidade Federal de S\u00e3o Carlos<\/li>\n\n\n\n<li>Jairo Panetta \u2013 Instituto Tecnol\u00f3gico de Aeron\u00e1utica<\/li>\n\n\n\n<li>Liana Duenha \u2013 Universidade Federal do Mato Grosso do Sul<\/li>\n\n\n\n<li>Liria Sato \u2013 Universidade de S\u00e3o Paulo<\/li>\n\n\n\n<li>Lucas Mello Schnorr \u2013 Universidade Federal do Rio Grande do Sul<\/li>\n\n\n\n<li>Lucas Wanner \u2013 Universidade Estadual de Campinas<\/li>\n\n\n\n<li>M\u00e1rcio Castro \u2013 Universidade Federal de Santa Catarina<\/li>\n\n\n\n<li>Marcos Amaris \u2013 Universidade Federal do Par\u00e1<\/li>\n\n\n\n<li>Odorico M. Mendizabal \u2013 Universidade Federal de Santa Catarina<\/li>\n\n\n\n<li>Raphael Y. Camargo \u2013 Universidade Federal do ABC<\/li>\n\n\n\n<li>Renata Spolon Lobato \u2013 Universidade Estadual Paulista<\/li>\n\n\n\n<li>Ricardo Menotti \u2013 Universidade Federal de S\u00e3o Carlos<\/li>\n\n\n\n<li>Rodolfo de Azevedo \u2013 Universidade Estadual de Campinas<\/li>\n\n\n\n<li>Sandro Rigo \u2013 Universidade Estadual de Campinas<\/li>\n\n\n\n<li>Sarita Mazzini Bruschi \u2013 Universidade de S\u00e3o Paulo<\/li>\n\n\n\n<li>Tiago Coelho Ferreto \u2013 Pontif\u00edcia Universidade Cat\u00f3lica do Rio Grande do Sul<\/li>\n<\/ul>\n\n\n\n<hr class=\"wp-block-separator has-alpha-channel-opacity\"\/>\n\n\n\n<div class=\"wp-block-columns is-layout-flex wp-container-core-columns-is-layout-9d6595d7 wp-block-columns-is-layout-flex\">\n<div class=\"wp-block-column is-vertically-aligned-center is-layout-flow wp-block-column-is-layout-flow\">\n<h3 class=\"wp-block-heading has-text-align-center has-black-color has-text-color has-link-color wp-elements-152d382d0be4a7a434069af3a899364c\">Patrocinadores:<\/h3>\n\n\n\n<h4 class=\"wp-block-heading has-text-align-center has-black-color has-text-color has-link-color wp-elements-79880f1e14bf4264344e2eb53dda1cef\">Diamante:<\/h4>\n\n\n<div class=\"wp-block-image\">\n<figure class=\"aligncenter size-large is-resized\"><a href=\"https:\/\/aws.amazon.com\/\"><img fetchpriority=\"high\" decoding=\"async\" width=\"1024\" height=\"612\" src=\"https:\/\/sscad2025.ufms.br\/wp-content\/uploads\/2025\/05\/AWS_logo_RGB_BLK-1024x612.png\" alt=\"\" class=\"wp-image-337\" style=\"width:159px;height:auto\" srcset=\"https:\/\/sscad2025.ufms.br\/wp-content\/uploads\/2025\/05\/AWS_logo_RGB_BLK-1024x612.png 1024w, https:\/\/sscad2025.ufms.br\/wp-content\/uploads\/2025\/05\/AWS_logo_RGB_BLK-300x179.png 300w, https:\/\/sscad2025.ufms.br\/wp-content\/uploads\/2025\/05\/AWS_logo_RGB_BLK-768x459.png 768w, https:\/\/sscad2025.ufms.br\/wp-content\/uploads\/2025\/05\/AWS_logo_RGB_BLK-1536x918.png 1536w, https:\/\/sscad2025.ufms.br\/wp-content\/uploads\/2025\/05\/AWS_logo_RGB_BLK-2048x1224.png 2048w, https:\/\/sscad2025.ufms.br\/wp-content\/uploads\/2025\/05\/AWS_logo_RGB_BLK-1200x717.png 1200w\" sizes=\"(max-width: 1024px) 100vw, 1024px\" \/><\/a><\/figure>\n<\/div>\n\n\n<div class=\"wp-block-columns is-layout-flex wp-container-core-columns-is-layout-9d6595d7 wp-block-columns-is-layout-flex\">\n<div class=\"wp-block-column is-vertically-aligned-stretch is-layout-flow wp-block-column-is-layout-flow\"><div class=\"wp-block-image\">\n<figure class=\"aligncenter size-full\"><img decoding=\"async\" src=\"https:\/\/sbac-pad2025.ufms.br\/wp-content\/uploads\/2025\/10\/patrocinador_diamanteDellTechnologies_Nvidia-composto_cut.png\" alt=\"\" class=\"wp-image-861\"\/><\/figure>\n<\/div><\/div>\n<\/div>\n\n\n\n<hr class=\"wp-block-separator has-alpha-channel-opacity\"\/>\n\n\n\n<h4 class=\"wp-block-heading has-text-align-center has-black-color has-text-color has-link-color wp-elements-6faf45844d20f6e72f8f75e8534f241e\">Ouro:<\/h4>\n\n\n<div class=\"wp-block-image\">\n<figure class=\"aligncenter size-large is-resized\"><img decoding=\"async\" src=\"https:\/\/sbac-pad2025.ufms.br\/wp-content\/uploads\/2025\/10\/Logo-conjunto-NVIDIA-e-Versatus-colorido-1-1024x213.png\" alt=\"\" class=\"wp-image-742\" style=\"width:284px;height:auto\"\/><\/figure>\n<\/div>\n\n\n<hr class=\"wp-block-separator has-alpha-channel-opacity\"\/>\n\n\n\n<h4 class=\"wp-block-heading has-text-align-center has-black-color has-text-color has-link-color wp-elements-b9e04652cffca692d8b9678ae5f9428d\">Prata:<\/h4>\n\n\n\n<div class=\"wp-block-columns is-layout-flex wp-container-core-columns-is-layout-9d6595d7 wp-block-columns-is-layout-flex\">\n<div class=\"wp-block-column is-vertically-aligned-center is-layout-flow wp-block-column-is-layout-flow\"><div class=\"wp-block-image\">\n<figure class=\"aligncenter size-full is-resized\"><img decoding=\"async\" src=\"https:\/\/sbac-pad2025.ufms.br\/wp-content\/uploads\/2025\/10\/patrocinador_silver_scherm_cut.png\" alt=\"\" class=\"wp-image-858\" style=\"width:159px;height:auto\"\/><\/figure>\n<\/div><\/div>\n\n\n\n<div class=\"wp-block-column is-layout-flow wp-block-column-is-layout-flow\"><div class=\"wp-block-image\">\n<figure class=\"aligncenter size-full is-resized\"><img decoding=\"async\" src=\"https:\/\/sbac-pad2025.ufms.br\/wp-content\/uploads\/2025\/10\/patrocinador_prata_supermicro_cut.png\" alt=\"\" class=\"wp-image-859\" style=\"width:168px;height:auto\"\/><\/figure>\n<\/div><\/div>\n<\/div>\n\n\n<div class=\"wp-block-image\">\n<figure class=\"aligncenter size-full is-resized\"><img decoding=\"async\" src=\"https:\/\/sbac-pad2025.ufms.br\/wp-content\/uploads\/2025\/10\/kaiak-scaled.png\" alt=\"\" class=\"wp-image-856\" style=\"width:159px;height:auto\"\/><\/figure>\n<\/div>\n\n\n<hr class=\"wp-block-separator has-alpha-channel-opacity\"\/>\n\n\n\n<h3 class=\"wp-block-heading has-text-align-center has-black-color has-text-color has-link-color wp-elements-739d04852591a42b51453b1c62bd5bc8\">Parceiro:<\/h3>\n\n\n\n<div class=\"wp-block-columns are-vertically-aligned-center is-layout-flex wp-container-core-columns-is-layout-9d6595d7 wp-block-columns-is-layout-flex\">\n<div class=\"wp-block-column is-vertically-aligned-center is-layout-flow wp-block-column-is-layout-flow\"><div class=\"wp-block-image\">\n<figure class=\"aligncenter size-medium is-resized\"><img decoding=\"async\" src=\"https:\/\/sbac-pad2025.ufms.br\/wp-content\/uploads\/2025\/05\/H2O-300x300.png\" alt=\"\" class=\"wp-image-319\" style=\"object-fit:cover;width:104px;height:auto\"\/><\/figure>\n<\/div><\/div>\n<\/div>\n<\/div>\n\n\n\n<div class=\"wp-block-column is-vertically-aligned-top has-background is-layout-flow wp-block-column-is-layout-flow\" style=\"background-color:#f2f2f2\">\n<h3 class=\"wp-block-heading has-text-align-center has-black-color has-text-color has-link-color wp-elements-5dc98ebff3ce4de6dfc55803cb4c1339\">Organiza\u00e7\u00e3o:<\/h3>\n\n\n\n<div class=\"wp-block-columns is-layout-flex wp-container-core-columns-is-layout-9d6595d7 wp-block-columns-is-layout-flex\">\n<div class=\"wp-block-column is-layout-flow wp-block-column-is-layout-flow\"><div class=\"wp-block-image\">\n<figure class=\"aligncenter size-large is-resized\"><a href=\"https:\/\/www.ufms.br\"><img decoding=\"async\" width=\"783\" height=\"1024\" src=\"https:\/\/sscad2025.ufms.br\/wp-content\/uploads\/2025\/05\/sponsor_UFMS-1175x1536-1-783x1024.png\" alt=\"\" class=\"wp-image-335\" style=\"width:96px;height:auto\" srcset=\"https:\/\/sscad2025.ufms.br\/wp-content\/uploads\/2025\/05\/sponsor_UFMS-1175x1536-1-783x1024.png 783w, https:\/\/sscad2025.ufms.br\/wp-content\/uploads\/2025\/05\/sponsor_UFMS-1175x1536-1-229x300.png 229w, https:\/\/sscad2025.ufms.br\/wp-content\/uploads\/2025\/05\/sponsor_UFMS-1175x1536-1-768x1004.png 768w, https:\/\/sscad2025.ufms.br\/wp-content\/uploads\/2025\/05\/sponsor_UFMS-1175x1536-1.png 1175w\" sizes=\"(max-width: 783px) 100vw, 783px\" \/><\/a><\/figure>\n<\/div><\/div>\n\n\n\n<div class=\"wp-block-column is-layout-flow wp-block-column-is-layout-flow\"><div class=\"wp-block-image\">\n<figure class=\"aligncenter size-full is-resized\"><a href=\"https:\/\/www.unicamp.br\"><img decoding=\"async\" width=\"267\" height=\"300\" src=\"https:\/\/sscad2025.ufms.br\/wp-content\/uploads\/2025\/05\/sponsor_Unicamp.png\" alt=\"\" class=\"wp-image-336\" style=\"width:109px;height:auto\"\/><\/a><\/figure>\n<\/div><\/div>\n<\/div>\n\n\n\n<h3 class=\"wp-block-heading has-text-align-center has-black-color has-text-color has-link-color wp-elements-22ea08b78e56b9ffc4826c186ffe25e7\">Promo\u00e7\u00e3o:<\/h3>\n\n\n\n<div class=\"wp-block-columns is-layout-flex wp-container-core-columns-is-layout-9d6595d7 wp-block-columns-is-layout-flex\">\n<div class=\"wp-block-column is-layout-flow wp-block-column-is-layout-flow\"><div class=\"wp-block-image\">\n<figure class=\"aligncenter size-full is-resized\"><a href=\"https:\/\/www.sbc.org.br\"><img loading=\"lazy\" decoding=\"async\" width=\"147\" height=\"228\" src=\"https:\/\/sscad2025.ufms.br\/wp-content\/uploads\/2025\/05\/sbc_alt.png\" alt=\"\" class=\"wp-image-358\" style=\"width:105px;height:auto\"\/><\/a><\/figure>\n<\/div><\/div>\n\n\n\n<div class=\"wp-block-column is-vertically-aligned-center is-layout-flow wp-block-column-is-layout-flow\"><div class=\"wp-block-image\">\n<figure class=\"aligncenter size-large\"><a href=\"https:\/\/www.computer.org\"><img loading=\"lazy\" decoding=\"async\" width=\"1024\" height=\"313\" src=\"https:\/\/sscad2025.ufms.br\/wp-content\/uploads\/2025\/02\/sponsor_IEEE-1024x313.png\" alt=\"\" class=\"wp-image-102\" srcset=\"https:\/\/sscad2025.ufms.br\/wp-content\/uploads\/2025\/02\/sponsor_IEEE-1024x313.png 1024w, https:\/\/sscad2025.ufms.br\/wp-content\/uploads\/2025\/02\/sponsor_IEEE-300x92.png 300w, https:\/\/sscad2025.ufms.br\/wp-content\/uploads\/2025\/02\/sponsor_IEEE-768x235.png 768w, https:\/\/sscad2025.ufms.br\/wp-content\/uploads\/2025\/02\/sponsor_IEEE-1536x470.png 1536w, https:\/\/sscad2025.ufms.br\/wp-content\/uploads\/2025\/02\/sponsor_IEEE-2048x627.png 2048w\" sizes=\"(max-width: 1024px) 100vw, 1024px\" \/><\/a><\/figure>\n<\/div><\/div>\n<\/div>\n\n\n<div class=\"wp-block-image\">\n<figure class=\"aligncenter size-large is-resized\"><a href=\"https:\/\/www2.sbc.org.br\/ce-acpad\/\"><img decoding=\"async\" src=\"https:\/\/sbac-pad2025.ufms.br\/wp-content\/uploads\/2025\/08\/CEACPAD-LOGOTIPO-PRINCIPAL-01-1024x162.png\" alt=\"\" class=\"wp-image-451\" style=\"width:354px;height:auto\"\/><\/a><\/figure>\n<\/div>\n\n\n<h3 class=\"wp-block-heading has-text-align-center has-black-color has-text-color has-link-color wp-elements-15d349d2a3aa2b480b7c6487797bf9c1\">Financiamento:<\/h3>\n\n\n\n<div class=\"wp-block-columns is-layout-flex wp-container-core-columns-is-layout-9d6595d7 wp-block-columns-is-layout-flex\">\n<div class=\"wp-block-column is-vertically-aligned-center is-layout-flow wp-block-column-is-layout-flow\"><div class=\"wp-block-image\">\n<figure class=\"aligncenter size-full is-resized\"><img decoding=\"async\" src=\"https:\/\/sbac-pad2025.ufms.br\/wp-content\/uploads\/2025\/05\/sponsor_CNPq.png\" alt=\"\" class=\"wp-image-317\" style=\"width:191px;height:auto\"\/><\/figure>\n<\/div><\/div>\n\n\n\n<div class=\"wp-block-column is-vertically-aligned-center is-layout-flow wp-block-column-is-layout-flow\"><div class=\"wp-block-image\">\n<figure class=\"aligncenter size-full is-resized\"><img decoding=\"async\" src=\"https:\/\/sbac-pad2025.ufms.br\/wp-content\/uploads\/2025\/05\/sponsor_CAPES.png\" alt=\"\" class=\"wp-image-316\" style=\"width:170px;height:auto\"\/><\/figure>\n<\/div><\/div>\n<\/div>\n<\/div>\n<\/div>\n","protected":false},"excerpt":{"rendered":"<p>Selecionados para a Apresenta\u00e7\u00e3o Final (listas em ordem alfab\u00e9tica) Tese de Doutorado Disserta\u00e7\u00e3o de Mestrado Chamada para Teses e Disserta\u00e7\u00f5es A Comiss\u00e3o Especial de Arquitetura de Computadores est\u00e1 promovendo mais [&hellip;]<\/p>\n","protected":false},"author":1,"featured_media":0,"parent":0,"menu_order":0,"comment_status":"closed","ping_status":"closed","template":"","meta":{"_eb_attr":"","_starter_page_template":"","_wpcom_template_layout_category":[],"footnotes":""},"class_list":["post-323","page","type-page","status-publish","hentry"],"_links":{"self":[{"href":"https:\/\/sscad2025.ufms.br\/index.php?rest_route=\/wp\/v2\/pages\/323","targetHints":{"allow":["GET"]}}],"collection":[{"href":"https:\/\/sscad2025.ufms.br\/index.php?rest_route=\/wp\/v2\/pages"}],"about":[{"href":"https:\/\/sscad2025.ufms.br\/index.php?rest_route=\/wp\/v2\/types\/page"}],"author":[{"embeddable":true,"href":"https:\/\/sscad2025.ufms.br\/index.php?rest_route=\/wp\/v2\/users\/1"}],"replies":[{"embeddable":true,"href":"https:\/\/sscad2025.ufms.br\/index.php?rest_route=%2Fwp%2Fv2%2Fcomments&post=323"}],"version-history":[{"count":5,"href":"https:\/\/sscad2025.ufms.br\/index.php?rest_route=\/wp\/v2\/pages\/323\/revisions"}],"predecessor-version":[{"id":668,"href":"https:\/\/sscad2025.ufms.br\/index.php?rest_route=\/wp\/v2\/pages\/323\/revisions\/668"}],"wp:attachment":[{"href":"https:\/\/sscad2025.ufms.br\/index.php?rest_route=%2Fwp%2Fv2%2Fmedia&parent=323"}],"curies":[{"name":"wp","href":"https:\/\/api.w.org\/{rel}","templated":true}]}}