{"id":497,"date":"2025-08-19T19:16:34","date_gmt":"2025-08-19T19:16:34","guid":{"rendered":"https:\/\/sscad2025.ufms.br\/?page_id=497"},"modified":"2025-10-28T19:06:10","modified_gmt":"2025-10-28T19:06:10","slug":"instrucoes","status":"publish","type":"page","link":"https:\/\/sscad2025.ufms.br\/?page_id=497","title":{"rendered":"Inscri\u00e7\u00f5es"},"content":{"rendered":"\n<h4 class=\"wp-block-heading\">Instru\u00e7\u00f5es<\/h4>\n\n\n\n<p>O registro permite o acesso dos participantes a todas as sess\u00f5es do SBAC-PAD e WSCAD , minicursos, workshops e coffee breaks durante os quatro dias. Todos os inscritos ter\u00e3o acesso a uma vers\u00e3o eletr\u00f4nica das proceedings do SBAC-PAD 2025, SSCAD 2025 e workshops.<\/p>\n\n\n\n<p>Leia atentamente todas as instru\u00e7\u00f5es a seguir antes de prosseguir com o processo de registro:<\/p>\n\n\n\n<p><strong>Inscri\u00e7\u00e3o de autores<\/strong>: cada artigo aceito dever\u00e1 ter pelo menos uma inscri\u00e7\u00e3o paga nas categorias profissional ou estudante antes do prazo de inscri\u00e7\u00e3o de autores (<mark style=\"background-color:rgba(0, 0, 0, 0)\" class=\"has-inline-color has-black-color\">at\u00e9 01 de outubro<\/mark>) para ser inclu\u00eddo nos Anais da Confer\u00eancia e na Plataforma SOL (SBC-OpenLib) da SBC.<\/p>\n\n\n\n<p><strong>Taxa de publica\u00e7\u00e3o<\/strong>: h\u00e1 uma taxa de publica\u00e7\u00e3o de R$ 100,00 para cada trabalho registrado, independentemente da categoria de inscri\u00e7\u00e3o (estudante ou profissional).<\/p>\n\n\n\n<p><strong>Desconto na taxa de ades\u00e3o \u00e0 SBC<\/strong>: uma taxa de membro com desconto se aplica aos membros da SBC. Ao se registrar, ser\u00e1 solicitado seu n\u00famero de membro.<\/p>\n\n\n\n<p><strong>Estudantes<\/strong>: estudantes de gradua\u00e7\u00e3o e p\u00f3s-gradua\u00e7\u00e3o tamb\u00e9m podem se inscrever com descontos. Ao se registrar, voc\u00ea ser\u00e1 solicitado a fazer upload de uma carteira de estudante ou outra documenta\u00e7\u00e3o que comprove seu status de estudante.<\/p>\n\n\n\n<p><strong>Coquetel e Jantar da Confer\u00eancia<\/strong>: A inscri\u00e7\u00e3o d\u00e1 aos inscritos acesso ao Coquetel no dia <mark style=\"background-color:rgba(0, 0, 0, 0)\" class=\"has-inline-color has-black-color\">28 de outubro<\/mark>. Os ingressos para o Jantar da Confer\u00eancia no dia <mark style=\"background-color:rgba(0, 0, 0, 0)\" class=\"has-inline-color has-black-color\">30 de outubr<\/mark>o dever\u00e3o ser pago diretamente pelo sistema de inscri\u00e7\u00e3o (ECOS) at\u00e9 o dia 24\/10. Basta acessar a inscri\u00e7\u00e3o, incluir a taxa extra &#8220;Jantar por Ades\u00e3o&#8221;, escolher o m\u00e9todo de pagamento e efetivar o pagamento.<\/p>\n\n\n\n<p><strong>Pol\u00edtica de n\u00e3o comparecimento<\/strong>: caso um trabalho n\u00e3o seja apresentado no congresso, ser\u00e1 considerado \u201cno-show\u201d. Estes trabalhos ser\u00e3o removidos do programa ap\u00f3s a realiza\u00e7\u00e3o da confer\u00eancia e n\u00e3o ser\u00e3o disponibilizados na Plataforma SOL da SBC.<\/p>\n\n\n\n<p><strong>Pol\u00edtica de cancelamento<\/strong>: inscri\u00e7\u00f5es poder\u00e3o ser canceladas at\u00e9 6 de outubro. Neste caso ser\u00e1 devolvido 50% do valor da inscri\u00e7\u00e3o. Ap\u00f3s esta data n\u00e3o haver\u00e1 devolu\u00e7\u00e3o de qualquer valor pago. Para solicitar o cancelamento, envie um e-mail para&nbsp;<a href=\"mailto:faturamento@sbc.org.br\">faturamento@sbc.org.br<\/a><\/p>\n\n\n\n<p><strong>Pagamento<\/strong>: Os pagamentos realizados por boleto e cart\u00e3o de d\u00e9bito terminam em <mark style=\"background-color:rgba(0, 0, 0, 0)\" class=\"has-inline-color has-black-color\">23\/10\/202<\/mark>5. <\/p>\n\n\n\n<p><\/p>\n\n\n\n<h4 class=\"wp-block-heading\">Associa\u00e7\u00e3o \u00e0 SBC<\/h4>\n\n\n\n<p>Destacamos que alunos e profissionais n\u00e3o associados \u00e0 SBC podem se associar (ou renovar a associa\u00e7\u00e3o) no processo de inscri\u00e7\u00e3o. Inscrever-se com associa\u00e7\u00e3o \u00e0 SBC \u00e9 a op\u00e7\u00e3o mais vantajosa para os n\u00e3o associados \u00e0 SBC.<\/p>\n\n\n\n<p>Se associar \u00e0 SBC \u00e9 uma forma de tornar a SBC ainda mais forte para representar a nossa \u00e1rea de atua\u00e7\u00e3o junto aos diversos setores. Os s\u00f3cios da SBC possuem os seguintes benef\u00edcios:<\/p>\n\n\n\n<ul class=\"wp-block-list\">\n<li>Acesso \u00e0 rede sem fio Eduroam (somente para pessoa f\u00edsica);<\/li>\n\n\n\n<li>Acesso ao FileSender da RNP;<\/li>\n\n\n\n<li>Desconto significativos nas inscri\u00e7\u00f5es nos mais de 40 eventos realizados anualmente pela SBC;<\/li>\n\n\n\n<li>Desconto de no m\u00ednimo 15% em inscri\u00e7\u00f5es nos eventos apoiados pela SBC;<\/li>\n\n\n\n<li>Valor de inscri\u00e7\u00e3o diferenciado no POSCOMP;<\/li>\n\n\n\n<li>Acesso aos estudos realizados pela SBC e destinados a \u00f3rg\u00e3os p\u00fablicos ou privados, expressando posi\u00e7\u00f5es pol\u00edticas da Sociedade.<\/li>\n<\/ul>\n\n\n\n<p>Veja os demais benef\u00edcios no&nbsp;<a href=\"http:\/\/sbc.org.br\/\" target=\"_blank\" rel=\"noreferrer noopener\">site da SBC.<\/a><\/p>\n\n\n\n<p><\/p>\n\n\n\n<h4 class=\"wp-block-heading\">Formul\u00e1rio de Inscri\u00e7\u00e3o<\/h4>\n\n\n\n<p>O formul\u00e1rio de inscri\u00e7\u00e3o est\u00e1 dispon\u00edvel&nbsp;<a href=\"https:\/\/centraldesistemas.sbc.org.br\/ecos\/sbacpadesscad2025\/\" target=\"_blank\" rel=\"noreferrer noopener\">aqui<\/a>. Utilize as op\u00e7\u00f5es que iniciam com [National Participant].<\/p>\n\n\n\n<p><\/p>\n\n\n\n<h4 class=\"wp-block-heading\">Taxa de Inscri\u00e7\u00e3o<\/h4>\n\n\n\n<figure class=\"wp-block-table\"><table class=\"has-fixed-layout\"><tbody><tr><td><strong>Categoria<\/strong><\/td><td><strong>At\u00e9 10 de outubro<\/strong><\/td><td><strong>Ap\u00f3s 10 de outubro<\/strong><\/td><\/tr><tr><td>Estudante de gradua\u00e7\u00e3o &#8211; Associado \u00e0 SBC ou IEEE com anuidade vigente<\/td><td>R$ 270,00<\/td><td>R$ 350,00<\/td><\/tr><tr><td>Estudante de gradua\u00e7\u00e3o &#8211; Associado \u00e0 SBC com anuidade vencendo em at\u00e9 90 dias (COMBO: inscri\u00e7\u00e3o no evento + renova\u00e7\u00e3o da associa\u00e7\u00e3o \u00e0 SBC)<\/td><td>R$ 303,00<\/td><td>R$ 383,00<\/td><\/tr><tr><td>Estudante de gradua\u00e7\u00e3o &#8211; N\u00e3o-associado ou com associa\u00e7\u00e3o n\u00e3o-vigente \u00e0 SBC (COMBO: inscri\u00e7\u00e3o no evento + associa\u00e7\u00e3o \u00e0 SBC)<\/td><td>R$ 303,00<\/td><td>R$ 383,00<\/td><\/tr><tr><td>Estudante de gradua\u00e7\u00e3o &#8211; N\u00e3o-associado \u00e0 SBC ou IEEE (somente inscri\u00e7\u00e3o no evento)<\/td><td>R$ 330,00<\/td><td>R$ 418,00<\/td><\/tr><tr><td>Estudante de p\u00f3s-gradua\u00e7\u00e3o &#8211; Associado \u00e0 SBC ou IEEE com anuidade vigente<\/td><td>R$ 540,00<\/td><td>R$ 690,00<\/td><\/tr><tr><td>Estudante de p\u00f3s-gradua\u00e7\u00e3o &#8211; Associado \u00e0 SBC com anuidade vencendo em at\u00e9 90 dias (COMBO: inscri\u00e7\u00e3o no evento + renova\u00e7\u00e3o da associa\u00e7\u00e3o \u00e0 SBC)<\/td><td>R$ 675,00<\/td><td>R$ 825,00<\/td><\/tr><tr><td>Estudante de p\u00f3s-gradua\u00e7\u00e3o &#8211; N\u00e3o-associado ou com associa\u00e7\u00e3o n\u00e3o-vigente \u00e0 SBC (COMBO: inscri\u00e7\u00e3o no evento + associa\u00e7\u00e3o \u00e0 SBC)<\/td><td>R$ 675,00<\/td><td>R$ 825,00<\/td><\/tr><tr><td>Estudante de p\u00f3s-gradua\u00e7\u00e3o &#8211; N\u00e3o-associado \u00e0 SBC ou IEEE (somente inscri\u00e7\u00e3o no evento)<\/td><td>R$ 729,00<\/td><td>R$ 894,00<\/td><\/tr><tr><td>Professor de Educa\u00e7\u00e3o B\u00e1sica Municipal\/Estadual \u00e0 SBC com anuidade vigente<\/td><td>R$ 550,00<\/td><td>R$ 700,00<\/td><\/tr><tr><td>Professor de Educa\u00e7\u00e3o B\u00e1sica Municipal\/Estadual associado \u00e0 SBC com anuidade vencendo em at\u00e9 90 dias (Melhor op\u00e7\u00e3o: COMBO inscri\u00e7\u00e3o no evento + renova\u00e7\u00e3o da associa\u00e7\u00e3o \u00e0 SBC)<\/td><td>R$ 685,00<br><\/td><td>R$ 835,00<\/td><\/tr><tr><td>Professor de Educa\u00e7\u00e3o B\u00e1sica Municipal\/Estadual n\u00e3o associado ou com associa\u00e7\u00e3o n\u00e3o vigente \u00e0 SBC (Melhor op\u00e7\u00e3o: COMBO inscri\u00e7\u00e3o no evento + associa\u00e7\u00e3o \u00e0 SBC)<\/td><td>R$ 685,00<\/td><td>R$ 835,00<\/td><\/tr><tr><td>Professor de Educa\u00e7\u00e3o B\u00e1sica Municipal\/Estadual n\u00e3o associado \u00e0 SBC (Somente inscri\u00e7\u00e3o no evento)<\/td><td>R$ 740,00<\/td><td>R$ 905,00<\/td><\/tr><tr><td>Professor de Educa\u00e7\u00e3o B\u00e1sica Federal associado \u00e0 SBC com anuidade vigente<\/td><td>R$550,00<\/td><td>R$ 700,00<\/td><\/tr><tr><td>Professor de Educa\u00e7\u00e3o B\u00e1sica Federal associado \u00e0 SBC com anuidade vencendo em at\u00e9 90 dias (Melhor op\u00e7\u00e3o: COMBO inscri\u00e7\u00e3o no evento + renova\u00e7\u00e3o da associa\u00e7\u00e3o \u00e0 SBC)<\/td><td>R$ 920,00<\/td><td>R$ 1.070,00<\/td><\/tr><tr><td>Professor de Educa\u00e7\u00e3o B\u00e1sica Federal n\u00e3o associado ou com associa\u00e7\u00e3o n\u00e3o vigente \u00e0 SBC (Melhor op\u00e7\u00e3o: COMBO inscri\u00e7\u00e3o no evento + associa\u00e7\u00e3o \u00e0 SBC)<\/td><td>R$ 920,00<\/td><td>R$ 1.070,00<\/td><\/tr><tr><td>Professor de Educa\u00e7\u00e3o B\u00e1sica Federal n\u00e3o associado \u00e0 SBC (Somente inscri\u00e7\u00e3o no evento)<\/td><td>R$ 975,00<\/td><td>R$ 1.140,00<\/td><\/tr><tr><td>Profissional &#8211; Associado \u00e0 SBC ou IEEE com anuidade vigente<\/td><td>R$ 810,00<\/td><td>R$ 1.050,00<\/td><\/tr><tr><td>Profissional &#8211; Associado \u00e0 SBC com anuidade vencendo em at\u00e9 90 dias (COMBO: inscri\u00e7\u00e3o no evento + renova\u00e7\u00e3o da associa\u00e7\u00e3o \u00e0 SBC)<\/td><td>R$ 1.185,00<\/td><td>R$ 1.425,00<\/td><\/tr><tr><td>Profissional &#8211; N\u00e3o-associado ou com associa\u00e7\u00e3o n\u00e3o-vigente \u00e0 SBC (COMBO: inscri\u00e7\u00e3o no evento + associa\u00e7\u00e3o \u00e0 SBC)<\/td><td>R$ 1.185,00<\/td><td>R$ 1.425,00<\/td><\/tr><tr><td>Profissional &#8211; N\u00e3o-associado \u00e0 SBC ou IEEE (somente inscri\u00e7\u00e3o no evento)<\/td><td>R$ 1.266,00<\/td><td>R$ 1.530,00<\/td><\/tr><\/tbody><\/table><\/figure>\n\n\n\n<hr class=\"wp-block-separator has-alpha-channel-opacity\"\/>\n\n\n\n<div class=\"wp-block-columns is-layout-flex wp-container-core-columns-is-layout-9d6595d7 wp-block-columns-is-layout-flex\">\n<div class=\"wp-block-column is-vertically-aligned-center is-layout-flow wp-block-column-is-layout-flow\">\n<h3 class=\"wp-block-heading has-text-align-center has-black-color has-text-color has-link-color wp-elements-152d382d0be4a7a434069af3a899364c\">Patrocinadores:<\/h3>\n\n\n\n<h4 class=\"wp-block-heading has-text-align-center has-black-color has-text-color has-link-color wp-elements-79880f1e14bf4264344e2eb53dda1cef\">Diamante:<\/h4>\n\n\n<div class=\"wp-block-image\">\n<figure class=\"aligncenter size-large is-resized\"><a href=\"https:\/\/aws.amazon.com\/\"><img fetchpriority=\"high\" decoding=\"async\" width=\"1024\" height=\"612\" src=\"https:\/\/sscad2025.ufms.br\/wp-content\/uploads\/2025\/05\/AWS_logo_RGB_BLK-1024x612.png\" alt=\"\" class=\"wp-image-337\" style=\"width:159px;height:auto\" srcset=\"https:\/\/sscad2025.ufms.br\/wp-content\/uploads\/2025\/05\/AWS_logo_RGB_BLK-1024x612.png 1024w, https:\/\/sscad2025.ufms.br\/wp-content\/uploads\/2025\/05\/AWS_logo_RGB_BLK-300x179.png 300w, https:\/\/sscad2025.ufms.br\/wp-content\/uploads\/2025\/05\/AWS_logo_RGB_BLK-768x459.png 768w, https:\/\/sscad2025.ufms.br\/wp-content\/uploads\/2025\/05\/AWS_logo_RGB_BLK-1536x918.png 1536w, https:\/\/sscad2025.ufms.br\/wp-content\/uploads\/2025\/05\/AWS_logo_RGB_BLK-2048x1224.png 2048w, https:\/\/sscad2025.ufms.br\/wp-content\/uploads\/2025\/05\/AWS_logo_RGB_BLK-1200x717.png 1200w\" sizes=\"(max-width: 1024px) 100vw, 1024px\" \/><\/a><\/figure>\n<\/div>\n\n\n<div class=\"wp-block-columns is-layout-flex wp-container-core-columns-is-layout-9d6595d7 wp-block-columns-is-layout-flex\">\n<div class=\"wp-block-column is-vertically-aligned-stretch is-layout-flow wp-block-column-is-layout-flow\"><div class=\"wp-block-image\">\n<figure class=\"aligncenter size-full\"><img decoding=\"async\" src=\"https:\/\/sbac-pad2025.ufms.br\/wp-content\/uploads\/2025\/10\/patrocinador_diamanteDellTechnologies_Nvidia-composto_cut.png\" alt=\"\" class=\"wp-image-861\"\/><\/figure>\n<\/div><\/div>\n<\/div>\n\n\n\n<hr class=\"wp-block-separator has-alpha-channel-opacity\"\/>\n\n\n\n<h4 class=\"wp-block-heading has-text-align-center has-black-color has-text-color has-link-color wp-elements-6faf45844d20f6e72f8f75e8534f241e\">Ouro:<\/h4>\n\n\n<div class=\"wp-block-image\">\n<figure class=\"aligncenter size-large is-resized\"><img decoding=\"async\" src=\"https:\/\/sbac-pad2025.ufms.br\/wp-content\/uploads\/2025\/10\/Logo-conjunto-NVIDIA-e-Versatus-colorido-1-1024x213.png\" alt=\"\" class=\"wp-image-742\" style=\"width:284px;height:auto\"\/><\/figure>\n<\/div>\n\n\n<hr class=\"wp-block-separator has-alpha-channel-opacity\"\/>\n\n\n\n<h4 class=\"wp-block-heading has-text-align-center has-black-color has-text-color has-link-color wp-elements-b9e04652cffca692d8b9678ae5f9428d\">Prata:<\/h4>\n\n\n\n<div class=\"wp-block-columns is-layout-flex wp-container-core-columns-is-layout-9d6595d7 wp-block-columns-is-layout-flex\">\n<div class=\"wp-block-column is-vertically-aligned-center is-layout-flow wp-block-column-is-layout-flow\"><div class=\"wp-block-image\">\n<figure class=\"aligncenter size-full is-resized\"><img decoding=\"async\" src=\"https:\/\/sbac-pad2025.ufms.br\/wp-content\/uploads\/2025\/10\/patrocinador_silver_scherm_cut.png\" alt=\"\" class=\"wp-image-858\" style=\"width:159px;height:auto\"\/><\/figure>\n<\/div><\/div>\n\n\n\n<div class=\"wp-block-column is-layout-flow wp-block-column-is-layout-flow\"><div class=\"wp-block-image\">\n<figure class=\"aligncenter size-full is-resized\"><img decoding=\"async\" src=\"https:\/\/sbac-pad2025.ufms.br\/wp-content\/uploads\/2025\/10\/patrocinador_prata_supermicro_cut.png\" alt=\"\" class=\"wp-image-859\" style=\"width:168px;height:auto\"\/><\/figure>\n<\/div><\/div>\n<\/div>\n\n\n<div class=\"wp-block-image\">\n<figure class=\"aligncenter size-full is-resized\"><img decoding=\"async\" src=\"https:\/\/sbac-pad2025.ufms.br\/wp-content\/uploads\/2025\/10\/kaiak-scaled.png\" alt=\"\" class=\"wp-image-856\" style=\"width:159px;height:auto\"\/><\/figure>\n<\/div>\n\n\n<hr class=\"wp-block-separator has-alpha-channel-opacity\"\/>\n\n\n\n<h3 class=\"wp-block-heading has-text-align-center has-black-color has-text-color has-link-color wp-elements-739d04852591a42b51453b1c62bd5bc8\">Parceiro:<\/h3>\n\n\n\n<div class=\"wp-block-columns are-vertically-aligned-center is-layout-flex wp-container-core-columns-is-layout-9d6595d7 wp-block-columns-is-layout-flex\">\n<div class=\"wp-block-column is-vertically-aligned-center is-layout-flow wp-block-column-is-layout-flow\"><div class=\"wp-block-image\">\n<figure class=\"aligncenter size-medium is-resized\"><img decoding=\"async\" src=\"https:\/\/sbac-pad2025.ufms.br\/wp-content\/uploads\/2025\/05\/H2O-300x300.png\" alt=\"\" class=\"wp-image-319\" style=\"object-fit:cover;width:104px;height:auto\"\/><\/figure>\n<\/div><\/div>\n<\/div>\n<\/div>\n\n\n\n<div class=\"wp-block-column is-vertically-aligned-top has-background is-layout-flow wp-block-column-is-layout-flow\" style=\"background-color:#f2f2f2\">\n<h3 class=\"wp-block-heading has-text-align-center has-black-color has-text-color has-link-color wp-elements-5dc98ebff3ce4de6dfc55803cb4c1339\">Organiza\u00e7\u00e3o:<\/h3>\n\n\n\n<div class=\"wp-block-columns is-layout-flex wp-container-core-columns-is-layout-9d6595d7 wp-block-columns-is-layout-flex\">\n<div class=\"wp-block-column is-layout-flow wp-block-column-is-layout-flow\"><div class=\"wp-block-image\">\n<figure class=\"aligncenter size-large is-resized\"><a href=\"https:\/\/www.ufms.br\"><img decoding=\"async\" width=\"783\" height=\"1024\" src=\"https:\/\/sscad2025.ufms.br\/wp-content\/uploads\/2025\/05\/sponsor_UFMS-1175x1536-1-783x1024.png\" alt=\"\" class=\"wp-image-335\" style=\"width:96px;height:auto\" srcset=\"https:\/\/sscad2025.ufms.br\/wp-content\/uploads\/2025\/05\/sponsor_UFMS-1175x1536-1-783x1024.png 783w, https:\/\/sscad2025.ufms.br\/wp-content\/uploads\/2025\/05\/sponsor_UFMS-1175x1536-1-229x300.png 229w, https:\/\/sscad2025.ufms.br\/wp-content\/uploads\/2025\/05\/sponsor_UFMS-1175x1536-1-768x1004.png 768w, https:\/\/sscad2025.ufms.br\/wp-content\/uploads\/2025\/05\/sponsor_UFMS-1175x1536-1.png 1175w\" sizes=\"(max-width: 783px) 100vw, 783px\" \/><\/a><\/figure>\n<\/div><\/div>\n\n\n\n<div class=\"wp-block-column is-layout-flow wp-block-column-is-layout-flow\"><div class=\"wp-block-image\">\n<figure class=\"aligncenter size-full is-resized\"><a href=\"https:\/\/www.unicamp.br\"><img decoding=\"async\" width=\"267\" height=\"300\" src=\"https:\/\/sscad2025.ufms.br\/wp-content\/uploads\/2025\/05\/sponsor_Unicamp.png\" alt=\"\" class=\"wp-image-336\" style=\"width:109px;height:auto\"\/><\/a><\/figure>\n<\/div><\/div>\n<\/div>\n\n\n\n<h3 class=\"wp-block-heading has-text-align-center has-black-color has-text-color has-link-color wp-elements-22ea08b78e56b9ffc4826c186ffe25e7\">Promo\u00e7\u00e3o:<\/h3>\n\n\n\n<div class=\"wp-block-columns is-layout-flex wp-container-core-columns-is-layout-9d6595d7 wp-block-columns-is-layout-flex\">\n<div class=\"wp-block-column is-layout-flow wp-block-column-is-layout-flow\"><div class=\"wp-block-image\">\n<figure class=\"aligncenter size-full is-resized\"><a href=\"https:\/\/www.sbc.org.br\"><img loading=\"lazy\" decoding=\"async\" width=\"147\" height=\"228\" src=\"https:\/\/sscad2025.ufms.br\/wp-content\/uploads\/2025\/05\/sbc_alt.png\" alt=\"\" class=\"wp-image-358\" style=\"width:105px;height:auto\"\/><\/a><\/figure>\n<\/div><\/div>\n\n\n\n<div class=\"wp-block-column is-vertically-aligned-center is-layout-flow wp-block-column-is-layout-flow\"><div class=\"wp-block-image\">\n<figure class=\"aligncenter size-large\"><a href=\"https:\/\/www.computer.org\"><img loading=\"lazy\" decoding=\"async\" width=\"1024\" height=\"313\" src=\"https:\/\/sscad2025.ufms.br\/wp-content\/uploads\/2025\/02\/sponsor_IEEE-1024x313.png\" alt=\"\" class=\"wp-image-102\" srcset=\"https:\/\/sscad2025.ufms.br\/wp-content\/uploads\/2025\/02\/sponsor_IEEE-1024x313.png 1024w, https:\/\/sscad2025.ufms.br\/wp-content\/uploads\/2025\/02\/sponsor_IEEE-300x92.png 300w, https:\/\/sscad2025.ufms.br\/wp-content\/uploads\/2025\/02\/sponsor_IEEE-768x235.png 768w, https:\/\/sscad2025.ufms.br\/wp-content\/uploads\/2025\/02\/sponsor_IEEE-1536x470.png 1536w, https:\/\/sscad2025.ufms.br\/wp-content\/uploads\/2025\/02\/sponsor_IEEE-2048x627.png 2048w\" sizes=\"(max-width: 1024px) 100vw, 1024px\" \/><\/a><\/figure>\n<\/div><\/div>\n<\/div>\n\n\n<div class=\"wp-block-image\">\n<figure class=\"aligncenter size-large is-resized\"><a href=\"https:\/\/www2.sbc.org.br\/ce-acpad\/\"><img decoding=\"async\" src=\"https:\/\/sbac-pad2025.ufms.br\/wp-content\/uploads\/2025\/08\/CEACPAD-LOGOTIPO-PRINCIPAL-01-1024x162.png\" alt=\"\" class=\"wp-image-451\" style=\"width:354px;height:auto\"\/><\/a><\/figure>\n<\/div>\n\n\n<h3 class=\"wp-block-heading has-text-align-center has-black-color has-text-color has-link-color wp-elements-15d349d2a3aa2b480b7c6487797bf9c1\">Financiamento:<\/h3>\n\n\n\n<div class=\"wp-block-columns is-layout-flex wp-container-core-columns-is-layout-9d6595d7 wp-block-columns-is-layout-flex\">\n<div class=\"wp-block-column is-vertically-aligned-center is-layout-flow wp-block-column-is-layout-flow\"><div class=\"wp-block-image\">\n<figure class=\"aligncenter size-full is-resized\"><img decoding=\"async\" src=\"https:\/\/sbac-pad2025.ufms.br\/wp-content\/uploads\/2025\/05\/sponsor_CNPq.png\" alt=\"\" class=\"wp-image-317\" style=\"width:191px;height:auto\"\/><\/figure>\n<\/div><\/div>\n\n\n\n<div class=\"wp-block-column is-vertically-aligned-center is-layout-flow wp-block-column-is-layout-flow\"><div class=\"wp-block-image\">\n<figure class=\"aligncenter size-full is-resized\"><img decoding=\"async\" src=\"https:\/\/sbac-pad2025.ufms.br\/wp-content\/uploads\/2025\/05\/sponsor_CAPES.png\" alt=\"\" class=\"wp-image-316\" style=\"width:170px;height:auto\"\/><\/figure>\n<\/div><\/div>\n<\/div>\n<\/div>\n<\/div>\n","protected":false},"excerpt":{"rendered":"<p>Instru\u00e7\u00f5es O registro permite o acesso dos participantes a todas as sess\u00f5es do SBAC-PAD e WSCAD , minicursos, workshops e coffee breaks durante os quatro dias. Todos os inscritos ter\u00e3o [&hellip;]<\/p>\n","protected":false},"author":1,"featured_media":0,"parent":0,"menu_order":0,"comment_status":"closed","ping_status":"closed","template":"","meta":{"_eb_attr":"","_starter_page_template":"","_wpcom_template_layout_category":[],"footnotes":""},"class_list":["post-497","page","type-page","status-publish","hentry"],"_links":{"self":[{"href":"https:\/\/sscad2025.ufms.br\/index.php?rest_route=\/wp\/v2\/pages\/497","targetHints":{"allow":["GET"]}}],"collection":[{"href":"https:\/\/sscad2025.ufms.br\/index.php?rest_route=\/wp\/v2\/pages"}],"about":[{"href":"https:\/\/sscad2025.ufms.br\/index.php?rest_route=\/wp\/v2\/types\/page"}],"author":[{"embeddable":true,"href":"https:\/\/sscad2025.ufms.br\/index.php?rest_route=\/wp\/v2\/users\/1"}],"replies":[{"embeddable":true,"href":"https:\/\/sscad2025.ufms.br\/index.php?rest_route=%2Fwp%2Fv2%2Fcomments&post=497"}],"version-history":[{"count":5,"href":"https:\/\/sscad2025.ufms.br\/index.php?rest_route=\/wp\/v2\/pages\/497\/revisions"}],"predecessor-version":[{"id":716,"href":"https:\/\/sscad2025.ufms.br\/index.php?rest_route=\/wp\/v2\/pages\/497\/revisions\/716"}],"wp:attachment":[{"href":"https:\/\/sscad2025.ufms.br\/index.php?rest_route=%2Fwp%2Fv2%2Fmedia&parent=497"}],"curies":[{"name":"wp","href":"https:\/\/api.w.org\/{rel}","templated":true}]}}